{"id":16068,"date":"2015-06-04T08:46:19","date_gmt":"2015-06-04T08:46:19","guid":{"rendered":"http:\/\/www.test1dds.si\/?page_id=16068"},"modified":"2015-09-07T07:23:18","modified_gmt":"2015-09-07T07:23:18","slug":"iztok-mrak","status":"publish","type":"page","link":"http:\/\/www.drustvo-distrofikov.si\/?page_id=16068","title":{"rendered":"Iztok Mrak"},"content":{"rendered":"<div class=\"wpb-content-wrapper\"><p>[vc_row row_type=&#8221;row&#8221; use_row_as_full_screen_section=&#8221;no&#8221; type=&#8221;grid&#8221; angled_section=&#8221;no&#8221; angled_section_position=&#8221;both&#8221; angled_section_direction=&#8221;from_left_to_right&#8221; text_align=&#8221;left&#8221; background_image_as_pattern=&#8221;without_pattern&#8221; padding_top=&#8221;77&#8243; padding_bottom=&#8221;48&#8243;][vc_column width=&#8221;1\/3&#8243;][vc_single_image image=&#8221;16384&#8243; border_color=&#8221;grey&#8221; img_link_large=&#8221;&#8221; img_link_target=&#8221;_self&#8221; img_size=&#8221;medium&#8221; alignment=&#8221;center&#8221; transition_delay=&#8221;0.3&#8243; qode_css_animation=&#8221;element_from_left&#8221; style=&#8221;vc_box_shadow&#8221;][\/vc_column][vc_column width=&#8221;2\/3&#8243;][vc_separator type=&#8221;transparent&#8221; position=&#8221;center&#8221; width_in_percentages=&#8221;&#8221;][vc_column_text]<\/p>\n<h2>Iztok Mrak,\u00a0socialni delavec<\/h2>\n<p>[\/vc_column_text][vc_column_text]<strong>t:<\/strong> (01) 47-20-552\u00a0\u2666\u00a0<strong>f:<\/strong> (0590) 33-263\u00a0\u2666\u00a0<strong>e:<\/strong> iztok.mrak@drustvo-distrofikov.si[\/vc_column_text][vc_separator type=&#8221;small&#8221; position=&#8221;left&#8221; width_in_percentages=&#8221;&#8221; up=&#8221;7&#8243; down=&#8221;38&#8243;][vc_column_text]<\/p>\n<p style=\"text-align: justify;\">Iztok Mrak se je rodil 19.9.1983 v Ljubljani. Po izobrazbi je univerzitetni diplomirani socialni delavec z opravljenim strokovnim izpitom s podro\u010dja socialnega varstva. \u0160tudijsko prakso je opravljal na Osnovni \u0161oli Mirana Jarca v Ljubljani, v okviru katere je sodeloval z vsemi dele\u017eniki \u0161ole ter bil aktiven pri vzpostavljanju in vzdr\u017eevanju pogojev za optimalni razvoj vsakega u\u010denca. Izku\u0161nje je nabiral tudi na Univerzitetnem rehabilitacijskem in\u0161titutu RS \u2013 So\u010da, natan\u010dneje na Kliniki za fizikalno medicino in rehabilitacijo, kjer je neposredno spoznal celovito in kompleksno obravnavo pacienta na temelju timskega pristopa. V \u010dasu \u0161tudija je opravljal tudi razli\u010dne oblike prostovoljskega dela v razli\u010dnih socialno-varstvenih ustanovah, kjer je pridobil \u0161tevilne delovne izku\u0161nje s podro\u010dja socialno-svetovalnega dela. Med letoma 2009 in 2013 je v Dru\u0161tvu za aktivno participacijo ljudi z manj prilo\u017enostmi AMI opravljal funkcijo predsednika, kjer se je zavzemal za \u00bbrazbijanje\u00ab predsodkov in stereotipov o sposobnostih ter potencialih slovenskih invalidov. Sodeloval je tudi pri \u0161tevilnih doma\u010dih in mednarodnih projektih ter pridobil neprecenljive izku\u0161nje in nova poznanstva z udele\u017ebo na razli\u010dnih mednarodnih konferencah s podro\u010dja socialnega in invalidskega varstva. Pri delu vedno i\u0161\u010de mo\u017enosti za osebnostni in karierni razvoj. Dru\u0161tvu distrofikov Slovenije se je pridru\u017eil septembra 2010, kot strokovni vodja posebnih socialnih programov. Od marca 2014 je tudi individualni \u010dlan Socialne zbornice Slovenije.<\/p>\n<p style=\"text-align: justify;\">Je \u010dlovek s polno \u017eeljami in vizijami: je preprost, odkrit, poln energije ter \u017eivi \u017eivljenje v pravem pomenu besede. V prostem \u010dasu rad potuje, spoznava nove ljudi in se dru\u017ei s svojimi prijatelji, ki mu ogromno pomenijo.<\/p>\n<p>[\/vc_column_text][vc_separator type=&#8221;transparent&#8221; position=&#8221;center&#8221; width_in_percentages=&#8221;&#8221;]<blockquote class=' with_quote_icon' style='background-color: #dd9933;'><i class='fa fa-quote-right' style='color: #ffffff;'><\/i><h5 class='blockquote-text' style='color: #ffffff;'>Iztokov moto v \u017eivljenju: \u00bbNi velik tisti, ki \u0161e ni nikoli padel, ampak tisti, ki je padel in potem vstal\u00ab.<\/h5><\/blockquote>[\/vc_column][\/vc_row]<\/p>\n<\/div>","protected":false},"excerpt":{"rendered":"<p>[vc_row row_type=&#8221;row&#8221; use_row_as_full_screen_section=&#8221;no&#8221; type=&#8221;grid&#8221; angled_section=&#8221;no&#8221; angled_section_position=&#8221;both&#8221; angled_section_direction=&#8221;from_left_to_right&#8221; text_align=&#8221;left&#8221; background_image_as_pattern=&#8221;without_pattern&#8221; padding_top=&#8221;77&#8243; padding_bottom=&#8221;48&#8243;][vc_column width=&#8221;1\/3&#8243;][vc_single_image image=&#8221;16384&#8243; border_color=&#8221;grey&#8221; img_link_large=&#8221;&#8221; img_link_target=&#8221;_self&#8221; img_size=&#8221;medium&#8221; alignment=&#8221;center&#8221; transition_delay=&#8221;0.3&#8243; qode_css_animation=&#8221;element_from_left&#8221; style=&#8221;vc_box_shadow&#8221;][\/vc_column][vc_column width=&#8221;2\/3&#8243;][vc_separator type=&#8221;transparent&#8221; position=&#8221;center&#8221; width_in_percentages=&#8221;&#8221;][vc_column_text] Iztok Mrak,\u00a0socialni delavec [\/vc_column_text][vc_column_text]t: (01) 47-20-552\u00a0\u2666\u00a0f: (0590) 33-263\u00a0\u2666\u00a0e: iztok.mrak@drustvo-distrofikov.si[\/vc_column_text][vc_separator type=&#8221;small&#8221; position=&#8221;left&#8221; width_in_percentages=&#8221;&#8221; up=&#8221;7&#8243; down=&#8221;38&#8243;][vc_column_text] Iztok Mrak se je rodil 19.9.1983&#8230;<\/p>\n","protected":false},"author":1,"featured_media":0,"parent":16823,"menu_order":0,"comment_status":"open","ping_status":"open","template":"full_width.php","meta":{"_exactmetrics_skip_tracking":false,"_exactmetrics_sitenote_active":false,"_exactmetrics_sitenote_note":"","_exactmetrics_sitenote_category":0,"footnotes":""},"class_list":["post-16068","page","type-page","status-publish","hentry"],"publishpress_future_action":{"enabled":false,"date":"2026-04-21 22:34:34","action":"change-status","newStatus":"draft","terms":[],"taxonomy":"","extraData":[]},"publishpress_future_workflow_manual_trigger":{"enabledWorkflows":[]},"_links":{"self":[{"href":"http:\/\/www.drustvo-distrofikov.si\/index.php?rest_route=\/wp\/v2\/pages\/16068","targetHints":{"allow":["GET"]}}],"collection":[{"href":"http:\/\/www.drustvo-distrofikov.si\/index.php?rest_route=\/wp\/v2\/pages"}],"about":[{"href":"http:\/\/www.drustvo-distrofikov.si\/index.php?rest_route=\/wp\/v2\/types\/page"}],"author":[{"embeddable":true,"href":"http:\/\/www.drustvo-distrofikov.si\/index.php?rest_route=\/wp\/v2\/users\/1"}],"replies":[{"embeddable":true,"href":"http:\/\/www.drustvo-distrofikov.si\/index.php?rest_route=%2Fwp%2Fv2%2Fcomments&post=16068"}],"version-history":[{"count":0,"href":"http:\/\/www.drustvo-distrofikov.si\/index.php?rest_route=\/wp\/v2\/pages\/16068\/revisions"}],"up":[{"embeddable":true,"href":"http:\/\/www.drustvo-distrofikov.si\/index.php?rest_route=\/wp\/v2\/pages\/16823"}],"wp:attachment":[{"href":"http:\/\/www.drustvo-distrofikov.si\/index.php?rest_route=%2Fwp%2Fv2%2Fmedia&parent=16068"}],"curies":[{"name":"wp","href":"https:\/\/api.w.org\/{rel}","templated":true}]}}