{"id":16155,"date":"2015-06-04T13:33:38","date_gmt":"2015-06-04T13:33:38","guid":{"rendered":"http:\/\/www.test1dds.si\/?page_id=16155"},"modified":"2016-03-14T17:48:44","modified_gmt":"2016-03-14T15:48:44","slug":"neodvisno-zivljenje-distrofikov","status":"publish","type":"page","link":"http:\/\/www.drustvo-distrofikov.si\/?page_id=16155","title":{"rendered":"Neodvisno \u017eivljenje distrofikov"},"content":{"rendered":"<div class=\"wpb-content-wrapper\"><p>[vc_row row_type=&#8221;row&#8221; type=&#8221;full_width&#8221; text_align=&#8221;left&#8221; background_color=&#8221;#ffffff&#8221; padding_top=&#8221;20&#8243;][vc_column width=&#8221;1\/1&#8243;][vc_gallery type=&#8221;flexslider_slide&#8221; interval=&#8221;3&#8243; images=&#8221;17073,17075,17074&#8243; onclick=&#8221;link_no&#8221; custom_links_target=&#8221;_self&#8221; column_number=&#8221;2&#8243; grayscale=&#8221;no&#8221; choose_frame=&#8221;default&#8221; img_size=&#8221;full&#8221; images_space=&#8221;gallery_without_space&#8221;][vc_separator type=&#8221;transparent&#8221; position=&#8221;center&#8221; up=&#8221;15&#8243; down=&#8221;10&#8243;][vc_column_text]<\/p>\n<h5>Neodvisno \u017eivljenje distrofikov<\/h5>\n<p>[\/vc_column_text][vc_separator type=&#8221;small&#8221; position=&#8221;left&#8221; up=&#8221;16&#8243; down=&#8221;12&#8243;][vc_column_text]Namen programa je zagotavljanje pomo\u010di obolelim z \u017eiv\u010dno-mi\u0161i\u010dnim obolenjem (v nadaljevanju distrofikov), pri organiziranju in udejanjanju samostojnega in aktivnega \u017eivljenja. Neodvisno \u017eivljenje pomeni za vsakega, \u0161e zlasti za najte\u017ejega invalida, mo\u017enost za enakopravno participacijo v dru\u017ebi, za zaposlitev in delo, za dru\u017eino in skrb zanjo, skratka da ob pomo\u010di strokovnih delavcev dru\u0161tva, dru\u017ebe in soljudi \u017eivi polno in odgovorno \u017eivljenje.<br \/>\nOmogo\u010danje neodvisnega \u017eivljenja zahteva \u0161irok spekter raznovrstnih storitev, saj ima vsak distrofik, zaradi razli\u010dnega poteka bolezni, svoje edinstvene potrebe, zaradi katerih je potreben individualen pristop.<br \/>\nUkrepi za doseganje in spodbujanje neodvisnega \u017eivljenja so med drugimi:<\/p>\n<ul>\n<li>pomo\u010d v doma\u010dem okolju (urejanje stanovanjskega problema, spodbujanje pridobitve ustrezne izobrazbe, svetovanje o zaposlovanju, itd.);<\/li>\n<li>tistim, ki se \u017eelijo osamosvojiti od doma\u010dih oziroma si \u017eelijo bolj samostojnega \u017eivljenja, pa \u0161e nimajo urejenega bivanja, pomagamo z vklju\u010devanjem v na\u0161e bivalne skupnosti. Bivalna skupnost je za\u010dasna oblika bivanja, kjer ima posameznik mo\u017enost, da se u\u010di obvladovanja osnovnih \u017eivljenjskih ve\u0161\u010din (skrb za lastno prehrano in nego, vzdr\u017eevanje \u010disto\u010de, sodelovanje pri organiziranju fizi\u010dne pomo\u010di negovalcev in prostovoljcev, obvladovanje okolice in mesta, razpolaganje z lastnimi finan\u010dnimi sredstvi, skrb za zdravila, urejanje zadev v drugih institucijah, urejanje medsebojnih odnosov, sobivanje,&#8230;), poleg tega si pridobiva socialne ve\u0161\u010dine in se pripravi na kasnej\u0161e samostojno \u017eivljenje v lastnem gospodinjstvu;<\/li>\n<li>\u0161tudentom, mladim na usposabljanju ter tistim na za\u010detku kariere nudimo prednost pri vklju\u010devanju v bivalne skupnosti, saj so druge nastanitvene oblike zunaj na\u0161ega dru\u0161tva za njih ve\u010didel neprimerne ali pa je primernih bivanjskih prostorov premalo.<\/li>\n<\/ul>\n<p>[\/vc_column_text][vc_separator type=&#8221;normal&#8221; position=&#8221;center&#8221; width_in_percentages=&#8221;&#8221;][vc_column_text css=&#8221;.vc_custom_1454169587608{background-color: rgba(221,153,51,0.3) !important;*background-color: rgb(221,153,51) !important;}&#8221;]<span style=\"text-decoration: underline;\"><strong>V letu 2015 so program Neodvisno \u017eivljenje distrofikov financirali:<\/strong><\/span><\/p>\n<ul>\n<li><strong>Ministrstvo za delo, dru\u017eino, socialne zadeve in enake mo\u017enosti<\/strong>, ki s sofinanciranjem omogo\u010da strokovno vodenje programa (Javni razpis za sofinanciranje programov socialnega varstva v letu 2015);<\/li>\n<li><strong>Fundacija za financiranje invalidskih in humanitarnih organizacij Republike Slovenije<\/strong>;<\/li>\n<li><strong>Mestna Ob\u010dina Ljubljana, Mestna Ob\u010dina Murska Sobota, Ob\u010dina Cerknica, Ob\u010dina Kamnik, Ob\u010dina Litija, Ob\u010dina Trebnje, Ob\u010dina Tr\u017ei\u010d, Ob\u010dina Vojnik, Ob\u010dina Zagorje ob Savi<\/strong>.<\/li>\n<\/ul>\n<p>&nbsp;<\/p>\n<p>Vsem financerjem se zahvaljujemo, da so s finan\u010dnim prispevkom pomagali pri izvedbi programa ter s tem prispevali k izbolj\u0161anju kvalitete \u017eivljenja distrofikov![\/vc_column_text][vc_separator type=&#8221;transparent&#8221; position=&#8221;center&#8221; width_in_percentages=&#8221;&#8221; down=&#8221;30&#8243;][\/vc_column][\/vc_row][vc_row row_type=&#8221;row&#8221; use_row_as_full_screen_section=&#8221;no&#8221; type=&#8221;grid&#8221; parallax_content_width=&#8221;in_grid&#8221; content_menu_icon=&#8221;&#8221; angled_section=&#8221;no&#8221; angled_section_position=&#8221;both&#8221; angled_section_direction=&#8221;from_left_to_right&#8221; text_align=&#8221;left&#8221; background_image_as_pattern=&#8221;without_pattern&#8221; row_negative_margin=&#8221;&#8221; css_animation=&#8221;&#8221; padding_bottom=&#8221;30&#8243;][vc_column width=&#8221;1\/1&#8243;]<div class='qode_carousels_holder clearfix'><div class='qode_carousels' data-number-of-visible-items=''><ul class='slides'><li class='item'><div class=\"carousel_item_holder\"><a itemprop='url' href='http:\/\/www.fiho.si' target='_blank'><span class='first_image_holder '><img decoding=\"async\" itemprop=\"image\" src=\"http:\/\/www.drustvo-distrofikov.si\/wp-content\/uploads\/2016\/03\/t-fiho.jpg\" alt=\"carousel image\" \/><\/span><\/a><\/div><\/li><li class='item'><div class=\"carousel_item_holder\"><a itemprop='url' href='http:\/\/www.mddsz.gov.si\/' target='_blank'><span class='first_image_holder '><img decoding=\"async\" itemprop=\"image\" src=\"http:\/\/www.drustvo-distrofikov.si\/wp-content\/uploads\/2016\/03\/t-mddsz.jpg\" alt=\"carousel image\" \/><\/span><\/a><\/div><\/li><li class='item'><div class=\"carousel_item_holder\"><a itemprop='url' href='http:\/\/www.litija.si\/' target='_blank'><span class='first_image_holder '><img decoding=\"async\" itemprop=\"image\" src=\"http:\/\/www.drustvo-distrofikov.si\/wp-content\/uploads\/2016\/03\/t-litija.jpg\" alt=\"carousel image\" \/><\/span><\/a><\/div><\/li><li class='item'><div class=\"carousel_item_holder\"><a itemprop='url' href='http:\/\/www.zagorje.si\/' target='_blank'><span class='first_image_holder '><img decoding=\"async\" itemprop=\"image\" src=\"http:\/\/www.drustvo-distrofikov.si\/wp-content\/uploads\/2016\/03\/t-zagorje.jpg\" alt=\"carousel image\" \/><\/span><\/a><\/div><\/li><li class='item'><div class=\"carousel_item_holder\"><a itemprop='url' href='http:\/\/www.ljubljana.si' target='_blank'><span class='first_image_holder '><img decoding=\"async\" itemprop=\"image\" src=\"http:\/\/www.drustvo-distrofikov.si\/wp-content\/uploads\/2016\/03\/t-ljubljana.jpg\" alt=\"carousel image\" \/><\/span><\/a><\/div><\/li><li class='item'><div class=\"carousel_item_holder\"><a itemprop='url' href='http:\/\/www.kamnik.si' target='_blank'><span class='first_image_holder '><img decoding=\"async\" itemprop=\"image\" src=\"http:\/\/www.drustvo-distrofikov.si\/wp-content\/uploads\/2016\/03\/t-kamnik.jpg\" alt=\"carousel image\" \/><\/span><\/a><\/div><\/li><li class='item'><div class=\"carousel_item_holder\"><a itemprop='url' href='http:\/\/www.trebnje.si' target='_blank'><span class='first_image_holder '><img decoding=\"async\" itemprop=\"image\" src=\"http:\/\/www.drustvo-distrofikov.si\/wp-content\/uploads\/2016\/03\/t-trebnje.jpg\" alt=\"carousel image\" \/><\/span><\/a><\/div><\/li><li class='item'><div class=\"carousel_item_holder\"><a itemprop='url' href='http:\/\/www.trzic.si' target='_blank'><span class='first_image_holder '><img decoding=\"async\" itemprop=\"image\" src=\"http:\/\/www.drustvo-distrofikov.si\/wp-content\/uploads\/2016\/03\/t-trzic.jpg\" alt=\"carousel image\" \/><\/span><\/a><\/div><\/li><li class='item'><div class=\"carousel_item_holder\"><a itemprop='url' href='https:\/\/www.ajdovscina.si\/' target='_blank'><span class='first_image_holder '><img decoding=\"async\" itemprop=\"image\" src=\"http:\/\/www.drustvo-distrofikov.si\/wp-content\/uploads\/2017\/12\/t-ajdovscina.jpg\" alt=\"carousel image\" \/><\/span><\/a><\/div><\/li><li class='item'><div class=\"carousel_item_holder\"><a itemprop='url' href='http:\/\/www.obcina-ig.si\/' target='_blank'><span class='first_image_holder '><img decoding=\"async\" itemprop=\"image\" src=\"http:\/\/www.drustvo-distrofikov.si\/wp-content\/uploads\/2017\/12\/t-Ig.jpg\" alt=\"carousel image\" \/><\/span><\/a><\/div><\/li><li class='item'><div class=\"carousel_item_holder\"><a itemprop='url' href='https:\/\/www.ilirska-bistrica.si\/' target='_blank'><span class='first_image_holder '><img decoding=\"async\" itemprop=\"image\" src=\"http:\/\/www.drustvo-distrofikov.si\/wp-content\/uploads\/2017\/12\/t-IlirskaBistrica.jpg\" alt=\"carousel image\" \/><\/span><\/a><\/div><\/li><li class='item'><div class=\"carousel_item_holder\"><a itemprop='url' href='https:\/\/www.komenda.si\/' target='_blank'><span class='first_image_holder '><img decoding=\"async\" itemprop=\"image\" src=\"http:\/\/www.drustvo-distrofikov.si\/wp-content\/uploads\/2017\/12\/t-Komenda.jpg\" alt=\"carousel image\" \/><\/span><\/a><\/div><\/li><li class='item'><div class=\"carousel_item_holder\"><a itemprop='url' href='http:\/\/www.koper.si\/' target='_blank'><span class='first_image_holder '><img decoding=\"async\" itemprop=\"image\" src=\"http:\/\/www.drustvo-distrofikov.si\/wp-content\/uploads\/2017\/12\/t-Koper.jpg\" alt=\"carousel image\" \/><\/span><\/a><\/div><\/li><li class='item'><div class=\"carousel_item_holder\"><a itemprop='url' href='http:\/\/www.krsko.si\/' target='_blank'><span class='first_image_holder '><img decoding=\"async\" itemprop=\"image\" src=\"http:\/\/www.drustvo-distrofikov.si\/wp-content\/uploads\/2017\/12\/t-Krsko.jpg\" alt=\"carousel image\" \/><\/span><\/a><\/div><\/li><li class='item'><div class=\"carousel_item_holder\"><a itemprop='url' href='https:\/\/www.moravce.si\/' target='_blank'><span class='first_image_holder '><img decoding=\"async\" itemprop=\"image\" src=\"http:\/\/www.drustvo-distrofikov.si\/wp-content\/uploads\/2017\/12\/t-Moravce.jpg\" alt=\"carousel image\" \/><\/span><\/a><\/div><\/li><li class='item'><div class=\"carousel_item_holder\"><a itemprop='url' href='http:\/\/www.sezana.si\/' target='_blank'><span class='first_image_holder '><img decoding=\"async\" itemprop=\"image\" src=\"http:\/\/www.drustvo-distrofikov.si\/wp-content\/uploads\/2017\/12\/t-Sezana.jpg\" alt=\"carousel image\" \/><\/span><\/a><\/div><\/li><li class='item'><div class=\"carousel_item_holder\"><a itemprop='url' href='https:\/\/www.skofjaloka.si\/' target='_blank'><span class='first_image_holder '><img decoding=\"async\" itemprop=\"image\" src=\"http:\/\/www.drustvo-distrofikov.si\/wp-content\/uploads\/2017\/12\/t-SkofjaLoka.jpg\" alt=\"carousel image\" \/><\/span><\/a><\/div><\/li><li class='item'><div class=\"carousel_item_holder\"><a itemprop='url' href='http:\/\/smartno-litija.si\/' target='_blank'><span class='first_image_holder '><img decoding=\"async\" itemprop=\"image\" src=\"http:\/\/www.drustvo-distrofikov.si\/wp-content\/uploads\/2017\/12\/t-SmartnoPriLitiji.jpg\" alt=\"carousel image\" \/><\/span><\/a><\/div><\/li><li class='item'><div class=\"carousel_item_holder\"><a itemprop='url' href='http:\/\/www.tolmin.si\/' target='_blank'><span class='first_image_holder '><img decoding=\"async\" itemprop=\"image\" src=\"http:\/\/www.drustvo-distrofikov.si\/wp-content\/uploads\/2017\/12\/t-Tolmin.jpg\" alt=\"carousel image\" \/><\/span><\/a><\/div><\/li><\/ul><\/div><\/div>[\/vc_column][\/vc_row]<\/p>\n<\/div>","protected":false},"excerpt":{"rendered":"<p>[vc_row row_type=&#8221;row&#8221; type=&#8221;full_width&#8221; text_align=&#8221;left&#8221; background_color=&#8221;#ffffff&#8221; padding_top=&#8221;20&#8243;][vc_column width=&#8221;1\/1&#8243;][vc_gallery type=&#8221;flexslider_slide&#8221; interval=&#8221;3&#8243; images=&#8221;17073,17075,17074&#8243; onclick=&#8221;link_no&#8221; custom_links_target=&#8221;_self&#8221; column_number=&#8221;2&#8243; grayscale=&#8221;no&#8221; choose_frame=&#8221;default&#8221; img_size=&#8221;full&#8221; images_space=&#8221;gallery_without_space&#8221;][vc_separator type=&#8221;transparent&#8221; position=&#8221;center&#8221; up=&#8221;15&#8243; down=&#8221;10&#8243;][vc_column_text] Neodvisno \u017eivljenje distrofikov [\/vc_column_text][vc_separator type=&#8221;small&#8221; position=&#8221;left&#8221; up=&#8221;16&#8243; down=&#8221;12&#8243;][vc_column_text]Namen programa je zagotavljanje pomo\u010di obolelim z \u017eiv\u010dno-mi\u0161i\u010dnim obolenjem (v nadaljevanju distrofikov), pri organiziranju in udejanjanju samostojnega&#8230;<\/p>\n","protected":false},"author":1,"featured_media":0,"parent":16130,"menu_order":0,"comment_status":"open","ping_status":"open","template":"","meta":{"_exactmetrics_skip_tracking":false,"_exactmetrics_sitenote_active":false,"_exactmetrics_sitenote_note":"","_exactmetrics_sitenote_category":0,"footnotes":""},"class_list":["post-16155","page","type-page","status-publish","hentry"],"publishpress_future_action":{"enabled":false,"date":"2026-05-05 04:02:07","action":"change-status","newStatus":"draft","terms":[],"taxonomy":"","extraData":[]},"publishpress_future_workflow_manual_trigger":{"enabledWorkflows":[]},"_links":{"self":[{"href":"http:\/\/www.drustvo-distrofikov.si\/index.php?rest_route=\/wp\/v2\/pages\/16155","targetHints":{"allow":["GET"]}}],"collection":[{"href":"http:\/\/www.drustvo-distrofikov.si\/index.php?rest_route=\/wp\/v2\/pages"}],"about":[{"href":"http:\/\/www.drustvo-distrofikov.si\/index.php?rest_route=\/wp\/v2\/types\/page"}],"author":[{"embeddable":true,"href":"http:\/\/www.drustvo-distrofikov.si\/index.php?rest_route=\/wp\/v2\/users\/1"}],"replies":[{"embeddable":true,"href":"http:\/\/www.drustvo-distrofikov.si\/index.php?rest_route=%2Fwp%2Fv2%2Fcomments&post=16155"}],"version-history":[{"count":1,"href":"http:\/\/www.drustvo-distrofikov.si\/index.php?rest_route=\/wp\/v2\/pages\/16155\/revisions"}],"predecessor-version":[{"id":17396,"href":"http:\/\/www.drustvo-distrofikov.si\/index.php?rest_route=\/wp\/v2\/pages\/16155\/revisions\/17396"}],"up":[{"embeddable":true,"href":"http:\/\/www.drustvo-distrofikov.si\/index.php?rest_route=\/wp\/v2\/pages\/16130"}],"wp:attachment":[{"href":"http:\/\/www.drustvo-distrofikov.si\/index.php?rest_route=%2Fwp%2Fv2%2Fmedia&parent=16155"}],"curies":[{"name":"wp","href":"https:\/\/api.w.org\/{rel}","templated":true}]}}