{"id":16171,"date":"2015-06-04T13:51:05","date_gmt":"2015-06-04T13:51:05","guid":{"rendered":"http:\/\/www.test1dds.si\/?page_id=16171"},"modified":"2016-01-13T15:37:20","modified_gmt":"2016-01-13T13:37:20","slug":"sport","status":"publish","type":"page","link":"http:\/\/www.drustvo-distrofikov.si\/?page_id=16171","title":{"rendered":"\u0160port"},"content":{"rendered":"<div class=\"wpb-content-wrapper\"><p>[vc_row row_type=&#8221;row&#8221; type=&#8221;full_width&#8221; text_align=&#8221;left&#8221; background_color=&#8221;#ffffff&#8221; padding_top=&#8221;20&#8243;][vc_column width=&#8221;1\/1&#8243;][vc_gallery type=&#8221;flexslider_slide&#8221; interval=&#8221;3&#8243; images=&#8221;17113,17091,17112,17090&#8243; onclick=&#8221;link_no&#8221; custom_links_target=&#8221;_self&#8221; column_number=&#8221;2&#8243; grayscale=&#8221;no&#8221; choose_frame=&#8221;default&#8221; img_size=&#8221;full&#8221; images_space=&#8221;gallery_without_space&#8221;][vc_separator type=&#8221;transparent&#8221; position=&#8221;center&#8221; up=&#8221;15&#8243; down=&#8221;10&#8243;][vc_column_text]<\/p>\n<h5>\u0160port<\/h5>\n<p>[\/vc_column_text][vc_separator type=&#8221;small&#8221; position=&#8221;left&#8221; up=&#8221;16&#8243; down=&#8221;12&#8243;][vc_column_text]\u0160port in rekreacija sta temeljnega pomena za distrofike. Prispevata k bolj\u0161i samopodobi posameznika, njegovi ve\u010dji samozavesti in izbolj\u0161anju stikov z okoljem. Obe obliki neposredno vplivata na ohranjevanje in krepitev zdravja, dvigujeta tekmovalnost in samokriti\u010dnost ter vplivata na psihofizi\u010dno stanje posameznika.<\/p>\n<p>V sodelovanju z Zvezo za \u0161port invalidov Slovenije vsako leto izvedemo dr\u017eavno prvenstvo v \u0161ahu za distrofike, organiziramo \u0161ahovske delavnice in se udele\u017eujemo \u0161ahovskih turnirjev doma in v tujini. Izvajamo trening hokeja na invalidskih vozi\u010dkih in se udele\u017eujemo mednarodnih tekmovanj na tem podro\u010dju. Podpiramo distrofike, ki trenirajo in se udele\u017eujejo tekmovanj v precizni orientaciji. Gre za \u0161portno panogo, ki poteka v naravi in kjer vsi tekmovalci, ne glede na spol, starost in stopnjo invalidnosti tekmujejo enakopravno z neinvalidi in se je po izku\u0161njah izkazala za zelo primerno tudi za distrofike. V okviru programa izvajamo tudi organizirane obiske \u0161portnih in rekreativnih prireditev.[\/vc_column_text][vc_separator type=&#8221;transparent&#8221; position=&#8221;center&#8221; width_in_percentages=&#8221;&#8221; down=&#8221;30&#8243;][\/vc_column][\/vc_row]<\/p>\n<\/div>","protected":false},"excerpt":{"rendered":"<p>[vc_row row_type=&#8221;row&#8221; type=&#8221;full_width&#8221; text_align=&#8221;left&#8221; background_color=&#8221;#ffffff&#8221; padding_top=&#8221;20&#8243;][vc_column width=&#8221;1\/1&#8243;][vc_gallery type=&#8221;flexslider_slide&#8221; interval=&#8221;3&#8243; images=&#8221;17113,17091,17112,17090&#8243; onclick=&#8221;link_no&#8221; custom_links_target=&#8221;_self&#8221; column_number=&#8221;2&#8243; grayscale=&#8221;no&#8221; choose_frame=&#8221;default&#8221; img_size=&#8221;full&#8221; images_space=&#8221;gallery_without_space&#8221;][vc_separator type=&#8221;transparent&#8221; position=&#8221;center&#8221; up=&#8221;15&#8243; down=&#8221;10&#8243;][vc_column_text] \u0160port [\/vc_column_text][vc_separator type=&#8221;small&#8221; position=&#8221;left&#8221; up=&#8221;16&#8243; down=&#8221;12&#8243;][vc_column_text]\u0160port in rekreacija sta temeljnega pomena za distrofike. Prispevata k bolj\u0161i samopodobi posameznika, njegovi ve\u010dji samozavesti in izbolj\u0161anju stikov&#8230;<\/p>\n","protected":false},"author":1,"featured_media":0,"parent":16130,"menu_order":0,"comment_status":"open","ping_status":"open","template":"","meta":{"_exactmetrics_skip_tracking":false,"_exactmetrics_sitenote_active":false,"_exactmetrics_sitenote_note":"","_exactmetrics_sitenote_category":0,"footnotes":""},"class_list":["post-16171","page","type-page","status-publish","hentry"],"publishpress_future_action":{"enabled":false,"date":"2026-05-05 04:07:01","action":"change-status","newStatus":"draft","terms":[],"taxonomy":"","extraData":[]},"publishpress_future_workflow_manual_trigger":{"enabledWorkflows":[]},"_links":{"self":[{"href":"http:\/\/www.drustvo-distrofikov.si\/index.php?rest_route=\/wp\/v2\/pages\/16171","targetHints":{"allow":["GET"]}}],"collection":[{"href":"http:\/\/www.drustvo-distrofikov.si\/index.php?rest_route=\/wp\/v2\/pages"}],"about":[{"href":"http:\/\/www.drustvo-distrofikov.si\/index.php?rest_route=\/wp\/v2\/types\/page"}],"author":[{"embeddable":true,"href":"http:\/\/www.drustvo-distrofikov.si\/index.php?rest_route=\/wp\/v2\/users\/1"}],"replies":[{"embeddable":true,"href":"http:\/\/www.drustvo-distrofikov.si\/index.php?rest_route=%2Fwp%2Fv2%2Fcomments&post=16171"}],"version-history":[{"count":0,"href":"http:\/\/www.drustvo-distrofikov.si\/index.php?rest_route=\/wp\/v2\/pages\/16171\/revisions"}],"up":[{"embeddable":true,"href":"http:\/\/www.drustvo-distrofikov.si\/index.php?rest_route=\/wp\/v2\/pages\/16130"}],"wp:attachment":[{"href":"http:\/\/www.drustvo-distrofikov.si\/index.php?rest_route=%2Fwp%2Fv2%2Fmedia&parent=16171"}],"curies":[{"name":"wp","href":"https:\/\/api.w.org\/{rel}","templated":true}]}}