{"id":16558,"date":"2015-08-20T05:47:15","date_gmt":"2015-08-20T05:47:15","guid":{"rendered":"http:\/\/www.test1dds.si\/?page_id=16558"},"modified":"2017-07-17T07:27:20","modified_gmt":"2017-07-17T05:27:20","slug":"dejan-samperl","status":"publish","type":"page","link":"http:\/\/www.drustvo-distrofikov.si\/?page_id=16558","title":{"rendered":"Dejan \u0160amperl"},"content":{"rendered":"<div class=\"wpb-content-wrapper\"><p>[vc_row row_type=&#8221;row&#8221; use_row_as_full_screen_section=&#8221;no&#8221; type=&#8221;grid&#8221; angled_section=&#8221;no&#8221; text_align=&#8221;left&#8221; background_image_as_pattern=&#8221;without_pattern&#8221; padding_top=&#8221;77&#8243; padding_bottom=&#8221;48&#8243; css_animation=&#8221;&#8221;][vc_column width=&#8221;1\/3&#8243;][vc_single_image image=&#8221;16753&#8243; img_size=&#8221;medium&#8221; alignment=&#8221;center&#8221; style=&#8221;vc_box_shadow&#8221; qode_css_animation=&#8221;element_from_left&#8221; transition_delay=&#8221;0.3&#8243;][\/vc_column][vc_column width=&#8221;2\/3&#8243;][vc_separator type=&#8221;transparent&#8221;][vc_column_text]<\/p>\n<h2>Dejan \u0160amperl, koordinator \u0161tajersko prekmurskega poverjeni\u0161tva<\/h2>\n<p>[\/vc_column_text][vc_column_text]<\/p>\n<p><strong>t:<\/strong> (040) 844-046 \u2666\u00a0<strong>f:<\/strong> (00) 00-00-000 \u2666\u00a0<strong>e:<\/strong>\u00a0dejan.samperl@drustvo-distrofikov.si<\/p>\n<p>[\/vc_column_text][vc_separator type=&#8221;small&#8221; position=&#8221;left&#8221; up=&#8221;7&#8243; down=&#8221;38&#8243;][vc_column_text]Dejan \u0160amperl je rojen septembra 1976 v Mariboru. Kot prostovoljec opravlja funkcijo koordinatorja \u0161tajersko prekmurskega poverjeni\u0161tva v Mariboru, kjer koordinira delo in programe dru\u0161tva na lokalnem nivoju. Je \u010dlan nadzornega odbora dru\u0161tva in kot predstavnik poverjeni\u0161tva dru\u0161tva distrofikov je tudi \u010dlan Sveta invalidov pri Mestni ob\u010dini Maribor.<br \/>\nSvojo poslovno pot je pri\u010del takoj po srednjem izobra\u017eevanju, ko se je zaposlil v invalidskem podjetju Son\u010dna pot d.o.o., Maribor. Najprej za delo z ra\u010dunalnikom, kjer se je v glavnem ukvarjal z oblikovanjem, grafi\u010dno pripravo za tisk in izdelavo spletnih strani. Skozi izobra\u017eevanje in prakso je pridobival nova znanja, ve\u0161\u010dine tudi pri organizaciji in vodenju, tako da je med leti 2008 in 2014 opravljal delo strokovnega delavca, vodje skupine za\u0161\u010ditne zaposlitve. V letu 2015 so ga pa lastniki na skup\u0161\u010dini podjetja imenovali za direktorja.<br \/>\nOb vseh dejavnostih mu komaj ostane kaj \u010dasa zase, saj narava dela, ki ga opravlja, zahteva celega \u010dloveka, zato je to njegovo vsakdanje udejstvovanje postalo \u017ee na\u010din \u017eivljenja. Vseeno pa prizna, da je velik ljubitelj raznih \u0161portov. Ikona \u0161portnega sveta mu je vsekakor Lionel Messi. Med \u0161porti, ki jih redno spremlja v televizijskih prenosih ga pritegnejo smu\u010danje, skoki, nogomet, ko\u0161arka, Formula 1, MotoGP, MotoMX. Rad \u0161e poslu\u0161a glasbo, s poudarkom na slovenski narodno-zabavni zvrsti, vse bolj ga zanima klasika. V\u010dasih pogleda tudi kak\u0161en znanstveni dokumentarec ali oddajo o znanosti in tehnologiji.<br \/>\nPrioriteta mu je, tako kot mnogim Slovencem v dana\u0161njem \u010dasu, ohraniti delo in ga v okviru danih mo\u017enosti morda tudi \u0161e uspe\u0161no nadgraditi. Na splo\u0161no je kot oseba optimisti\u010den in verjame, da se bodo stvari, ki danes v na\u0161i dr\u017eavi niso najbolj\u0161e urejene, tudi pri nas v doglednem \u010dasu spremenile v pozitivni smeri. Prepri\u010dan je, da lahko pri tem veliko (\u010de ne najve\u010d) naredimo tudi mi sami s svojo lastno pozitivno naravnanostjo, realno zastavljenimi cilji in po\u0161tenim delom, pri \u010demer pa je klju\u010dnega pomena medsebojno povezovanje in delovanje v smeri doseganja skupnih ciljev. Slednje \u0161e posebej velja za delovanje v okviru na\u0161ega dru\u0161tva distrofikov.[\/vc_column_text][vc_separator type=&#8221;transparent&#8221;]<blockquote class=' with_quote_icon' style='background-color: #dd9933;'><i class='fa fa-quote-right' style=''><\/i><h5 class='blockquote-text' style=''>Vsem, predvsem nekaterim mlaj\u0161im od njega polaga na srce, da se v \u017eivljenju s trudom in vztrajnostjo dolgoro\u010dno vsekakor ve\u010d dose\u017ee, kot pa \u010de si prizadeva\u0161 za hiter uspeh, za katerim se skriva le malo vlo\u017eenega dela. Zato bodite vztrajni, kajti nekega dne se vam bo to bogato obrestovalo!<\/h5><\/blockquote>[\/vc_column][\/vc_row]<\/p>\n<\/div>","protected":false},"excerpt":{"rendered":"<p>[vc_row row_type=&#8221;row&#8221; use_row_as_full_screen_section=&#8221;no&#8221; type=&#8221;grid&#8221; angled_section=&#8221;no&#8221; text_align=&#8221;left&#8221; background_image_as_pattern=&#8221;without_pattern&#8221; padding_top=&#8221;77&#8243; padding_bottom=&#8221;48&#8243; css_animation=&#8221;&#8221;][vc_column width=&#8221;1\/3&#8243;][vc_single_image image=&#8221;16753&#8243; img_size=&#8221;medium&#8221; alignment=&#8221;center&#8221; style=&#8221;vc_box_shadow&#8221; qode_css_animation=&#8221;element_from_left&#8221; transition_delay=&#8221;0.3&#8243;][\/vc_column][vc_column width=&#8221;2\/3&#8243;][vc_separator type=&#8221;transparent&#8221;][vc_column_text] Dejan \u0160amperl, koordinator \u0161tajersko prekmurskega poverjeni\u0161tva [\/vc_column_text][vc_column_text] t: (040) 844-046 \u2666\u00a0f: (00) 00-00-000 \u2666\u00a0e:\u00a0dejan.samperl@drustvo-distrofikov.si [\/vc_column_text][vc_separator type=&#8221;small&#8221; position=&#8221;left&#8221; up=&#8221;7&#8243; down=&#8221;38&#8243;][vc_column_text]Dejan \u0160amperl je rojen septembra 1976 v Mariboru&#8230;.<\/p>\n","protected":false},"author":1,"featured_media":0,"parent":16823,"menu_order":0,"comment_status":"open","ping_status":"open","template":"full_width.php","meta":{"_exactmetrics_skip_tracking":false,"_exactmetrics_sitenote_active":false,"_exactmetrics_sitenote_note":"","_exactmetrics_sitenote_category":0,"footnotes":""},"class_list":["post-16558","page","type-page","status-publish","hentry"],"publishpress_future_action":{"enabled":false,"date":"2026-04-24 05:44:47","action":"change-status","newStatus":"draft","terms":[],"taxonomy":"","extraData":[]},"publishpress_future_workflow_manual_trigger":{"enabledWorkflows":[]},"_links":{"self":[{"href":"http:\/\/www.drustvo-distrofikov.si\/index.php?rest_route=\/wp\/v2\/pages\/16558","targetHints":{"allow":["GET"]}}],"collection":[{"href":"http:\/\/www.drustvo-distrofikov.si\/index.php?rest_route=\/wp\/v2\/pages"}],"about":[{"href":"http:\/\/www.drustvo-distrofikov.si\/index.php?rest_route=\/wp\/v2\/types\/page"}],"author":[{"embeddable":true,"href":"http:\/\/www.drustvo-distrofikov.si\/index.php?rest_route=\/wp\/v2\/users\/1"}],"replies":[{"embeddable":true,"href":"http:\/\/www.drustvo-distrofikov.si\/index.php?rest_route=%2Fwp%2Fv2%2Fcomments&post=16558"}],"version-history":[{"count":0,"href":"http:\/\/www.drustvo-distrofikov.si\/index.php?rest_route=\/wp\/v2\/pages\/16558\/revisions"}],"up":[{"embeddable":true,"href":"http:\/\/www.drustvo-distrofikov.si\/index.php?rest_route=\/wp\/v2\/pages\/16823"}],"wp:attachment":[{"href":"http:\/\/www.drustvo-distrofikov.si\/index.php?rest_route=%2Fwp%2Fv2%2Fmedia&parent=16558"}],"curies":[{"name":"wp","href":"https:\/\/api.w.org\/{rel}","templated":true}]}}